{"id":498,"date":"2018-10-09T13:49:01","date_gmt":"2018-10-09T11:49:01","guid":{"rendered":"http:\/\/2018.masaz-energiazycia.pl\/?page_id=498"},"modified":"2018-10-10T18:49:55","modified_gmt":"2018-10-10T16:49:55","slug":"masaz-liftingujacy-twarzy","status":"publish","type":"page","link":"https:\/\/masaz-energiazycia.pl\/index.php\/masaz-liftingujacy-twarzy\/","title":{"rendered":"Masa\u017c liftinguj\u0105cy twarzy"},"content":{"rendered":"<p>[et_pb_section bb_built=&#8221;1&#8243; fullwidth=&#8221;off&#8221; specialty=&#8221;off&#8221;][et_pb_row _builder_version=&#8221;3.15&#8243; locked=&#8221;off&#8221;][et_pb_column type=&#8221;4_4&#8243;][et_pb_text _builder_version=&#8221;3.15&#8243; text_font_size=&#8221;18px&#8221; text_line_height=&#8221;2em&#8221; header_font=&#8221;Montserrat|300|||||||&#8221; header_font_size=&#8221;50px&#8221; header_font_size_tablet=&#8221;40px&#8221; header_font_size_phone=&#8221;32px&#8221; header_font_size_last_edited=&#8221;on|desktop&#8221; header_line_height=&#8221;1.4em&#8221; text_orientation=&#8221;center&#8221; max_width=&#8221;700px&#8221; module_alignment=&#8221;center&#8221; saved_tabs=&#8221;all&#8221;]<\/p>\n<h1>Masa\u017c liftinguj\u0105cy twarzy<\/h1>\n<p>Masa\u017c relaksacyjno-liftinguj\u0105cy wykonywany jest w obr\u0119bie twarzy, szyi, dekoltu i obr\u0119czy barkowej. Odpr\u0119\u017ca i relaksuje oraz pobudza sk\u00f3r\u0119 do intensywnej regeneracji i odnowy.<\/p>\n<p>[\/et_pb_text][\/et_pb_column][\/et_pb_row][et_pb_row _builder_version=&#8221;3.15&#8243; use_custom_gutter=&#8221;on&#8221; gutter_width=&#8221;2&#8243;][et_pb_column type=&#8221;1_3&#8243;][et_pb_image _builder_version=&#8221;3.15&#8243; src=&#8221;https:\/\/masaz-energiazycia.pl\/wp-content\/uploads\/2018\/10\/m-ez07.jpg&#8221; custom_margin=&#8221;25px|||&#8221; border_radii=&#8221;on|25px|25px|25px|25px&#8221; \/][\/et_pb_column][et_pb_column type=&#8221;2_3&#8243;][et_pb_text _builder_version=&#8221;3.15&#8243; header_font=&#8221;Montserrat||||||||&#8221; text_orientation=&#8221;justified&#8221; header_text_align=&#8221;left&#8221; header_line_height=&#8221;1.5em&#8221; header_2_font=&#8221;Montserrat||||||||&#8221;]<\/p>\n<p>Zabieg ma dzia\u0142anie rozlu\u017aniaj\u0105ce mi\u0119\u015bnie, uspokaja i wycisza, likwiduje napi\u0119cie oraz sztywno\u015b\u0107 karku. Stosowany regularnie poprawia kr\u0105\u017cenie krwi i limfy, dzi\u0119ki czemu dzia\u0142a uj\u0119drniaj\u0105co na sk\u00f3r\u0119 twarzy.<\/p>\n<p>Masa\u017c odm\u0142adzaj\u0105cy twarzy, to program kosmetyczny, kt\u00f3ry \u0142\u0105czy staro\u017cytn\u0105 m\u0105dro\u015b\u0107 i od dawna znane techniki z wieloma nowoczesnymi metodami. Masa\u017c ten zmierza nie tylko do poprawy naszego wygl\u0105du, ale tak\u017ce oddzia\u0142uj\u0119 holistycznie &#8211; leczy ca\u0142e cia\u0142o.<\/p>\n<p>Masa\u017c twarzy to jeden z najwa\u017cniejszych czynnik\u00f3w warunkuj\u0105cych jej m\u0142ody wygl\u0105d. Wykonuj\u0105c wielokrotnie palcami okre\u015blone ruchy wzd\u0142u\u017c ka\u017cdej zmarszczki i oddzia\u0142uj\u0105c na le\u017c\u0105ce pod nimi mi\u0119\u015bnie, mo\u017cna je rozlu\u017ani\u0107, czego skutkiem b\u0119dzie wyg\u0142adzenie cery oraz przywr\u00f3cenie jej elastyczno\u015bci i po\u0142ysku.<\/p>\n<p>[\/et_pb_text][\/et_pb_column][\/et_pb_row][et_pb_row _builder_version=&#8221;3.15&#8243; use_custom_gutter=&#8221;on&#8221; gutter_width=&#8221;2&#8243;][et_pb_column type=&#8221;4_4&#8243;][et_pb_text _builder_version=&#8221;3.15&#8243; header_font=&#8221;Montserrat||||||||&#8221; text_orientation=&#8221;justified&#8221; header_text_align=&#8221;left&#8221; header_line_height=&#8221;1.5em&#8221; header_2_font=&#8221;Montserrat||||||||&#8221;]<\/p>\n<h3>Efekty masa\u017cu:<\/h3>\n<ul>\n<li>zmniejszenie zmarszczek, cera staje si\u0119 bardziej mi\u0119kka, poprawia si\u0119 jej zabarwienie,<\/li>\n<li>znikaj\u0105 fa\u0142dy i worki pod oczami,<\/li>\n<li>odpr\u0119\u017cenie cia\u0142a dzi\u0119ki znikaniu napi\u0119\u0107 skumulowanych w mi\u0119\u015bniach twarzy i w s\u0105siaduj\u0105cych z nimi tkankami sk\u00f3ry,<\/li>\n<li>znikanie objaw\u00f3w zwi\u0105zanych z chronicznym napi\u0119ciem mi\u0119\u015bni &#8211; w tym b\u00f3l\u00f3w g\u0142owy.<\/li>\n<\/ul>\n<p>[\/et_pb_text][\/et_pb_column][\/et_pb_row][\/et_pb_section]<\/p>\n","protected":false},"excerpt":{"rendered":"<p>Masa\u017c liftinguj\u0105cy twarzy Masa\u017c relaksacyjno-liftinguj\u0105cy wykonywany jest w obr\u0119bie twarzy, szyi, dekoltu i obr\u0119czy barkowej. Odpr\u0119\u017ca i relaksuje oraz pobudza sk\u00f3r\u0119 do intensywnej regeneracji i odnowy. Zabieg ma dzia\u0142anie rozlu\u017aniaj\u0105ce mi\u0119\u015bnie, uspokaja i wycisza, likwiduje napi\u0119cie oraz sztywno\u015b\u0107 karku. Stosowany regularnie poprawia kr\u0105\u017cenie krwi i limfy, dzi\u0119ki czemu dzia\u0142a uj\u0119drniaj\u0105co na sk\u00f3r\u0119 twarzy. Masa\u017c odm\u0142adzaj\u0105cy [&hellip;]<\/p>\n","protected":false},"author":1,"featured_media":0,"parent":0,"menu_order":0,"comment_status":"closed","ping_status":"closed","template":"","meta":{"_et_pb_use_builder":"on","_et_pb_old_content":"","_et_gb_content_width":""},"_links":{"self":[{"href":"https:\/\/masaz-energiazycia.pl\/index.php\/wp-json\/wp\/v2\/pages\/498"}],"collection":[{"href":"https:\/\/masaz-energiazycia.pl\/index.php\/wp-json\/wp\/v2\/pages"}],"about":[{"href":"https:\/\/masaz-energiazycia.pl\/index.php\/wp-json\/wp\/v2\/types\/page"}],"author":[{"embeddable":true,"href":"https:\/\/masaz-energiazycia.pl\/index.php\/wp-json\/wp\/v2\/users\/1"}],"replies":[{"embeddable":true,"href":"https:\/\/masaz-energiazycia.pl\/index.php\/wp-json\/wp\/v2\/comments?post=498"}],"version-history":[{"count":5,"href":"https:\/\/masaz-energiazycia.pl\/index.php\/wp-json\/wp\/v2\/pages\/498\/revisions"}],"predecessor-version":[{"id":656,"href":"https:\/\/masaz-energiazycia.pl\/index.php\/wp-json\/wp\/v2\/pages\/498\/revisions\/656"}],"wp:attachment":[{"href":"https:\/\/masaz-energiazycia.pl\/index.php\/wp-json\/wp\/v2\/media?parent=498"}],"curies":[{"name":"wp","href":"https:\/\/api.w.org\/{rel}","templated":true}]}}

Masaż liftingujący twarzy

<p>[et_pb_section bb_built=&#8221;1&#8243; fullwidth=&#8221;off&#8221; specialty=&#8221;off&#8221;][et_pb_row _builder_version=&#8221;3.15&#8243; locked=&#8221;off&#8221;][et_pb_column type=&#8221;4_4&#8243;][et_pb_text _builder_version=&#8221;3.15&#8243; text_font_size=&#8221;18px&#8221; text_line_height=&#8221;2em&#8221; header_font=&#8221;Montserrat|300|||||||&#8221; header_font_size=&#8221;50px&#8221; header_font_size_tablet=&#8221;40px&#8221; header_font_size_phone=&#8221;32px&#8221; header_font_size_last_edited=&#8221;on|desktop&#8221; header_line_height=&#8221;1.4em&#8221; text_orientation=&#8221;center&#8221; max_width=&#8221;700px&#8221; module_alignment=&#8221;center&#8221; saved_tabs=&#8221;all&#8221;]</p>
<h1>Masaż liftingujący twarzy</h1>
<p>Masaż relaksacyjno-liftingujący wykonywany jest w obrębie twarzy, szyi, dekoltu i obręczy barkowej. Odpręża i relaksuje oraz pobudza skórę do intensywnej regeneracji i odnowy.</p>
<p>[/et_pb_text][/et_pb_column][/et_pb_row][et_pb_row _builder_version=&#8221;3.15&#8243; use_custom_gutter=&#8221;on&#8221; gutter_width=&#8221;2&#8243;][et_pb_column type=&#8221;1_3&#8243;][et_pb_image _builder_version=&#8221;3.15&#8243; src=&#8221;https://masaz-energiazycia.pl/wp-content/uploads/2018/10/m-ez07.jpg&#8221; custom_margin=&#8221;25px|||&#8221; border_radii=&#8221;on|25px|25px|25px|25px&#8221; /][/et_pb_column][et_pb_column type=&#8221;2_3&#8243;][et_pb_text _builder_version=&#8221;3.15&#8243; header_font=&#8221;Montserrat||||||||&#8221; text_orientation=&#8221;justified&#8221; header_text_align=&#8221;left&#8221; header_line_height=&#8221;1.5em&#8221; header_2_font=&#8221;Montserrat||||||||&#8221;]</p>
<p>Zabieg ma działanie rozluźniające mięśnie, uspokaja i wycisza, likwiduje napięcie oraz sztywność karku. Stosowany regularnie poprawia krążenie krwi i limfy, dzięki czemu działa ujędrniająco na skórę twarzy.</p>
<p>Masaż odmładzający twarzy, to program kosmetyczny, który łączy starożytną mądrość i od dawna znane techniki z wieloma nowoczesnymi metodami. Masaż ten zmierza nie tylko do poprawy naszego wyglądu, ale także oddziałuję holistycznie &#8211; leczy całe ciało.</p>
<p>Masaż twarzy to jeden z najważniejszych czynników warunkujących jej młody wygląd. Wykonując wielokrotnie palcami określone ruchy wzdłuż każdej zmarszczki i oddziałując na leżące pod nimi mięśnie, można je rozluźnić, czego skutkiem będzie wygładzenie cery oraz przywrócenie jej elastyczności i połysku.</p>
<p>[/et_pb_text][/et_pb_column][/et_pb_row][et_pb_row _builder_version=&#8221;3.15&#8243; use_custom_gutter=&#8221;on&#8221; gutter_width=&#8221;2&#8243;][et_pb_column type=&#8221;4_4&#8243;][et_pb_text _builder_version=&#8221;3.15&#8243; header_font=&#8221;Montserrat||||||||&#8221; text_orientation=&#8221;justified&#8221; header_text_align=&#8221;left&#8221; header_line_height=&#8221;1.5em&#8221; header_2_font=&#8221;Montserrat||||||||&#8221;]</p>
<h3>Efekty masażu:</h3>
<ul>
<li>zmniejszenie zmarszczek, cera staje się bardziej miękka, poprawia się jej zabarwienie,</li>
<li>znikają fałdy i worki pod oczami,</li>
<li>odprężenie ciała dzięki znikaniu napięć skumulowanych w mięśniach twarzy i w sąsiadujących z nimi tkankami skóry,</li>
<li>znikanie objawów związanych z chronicznym napięciem mięśni &#8211; w tym bólów głowy.</li>
</ul>
<p>[/et_pb_text][/et_pb_column][/et_pb_row][/et_pb_section]</p>

<p>Masaż liftingujący twarzy Masaż relaksacyjno-liftingujący wykonywany jest w obrębie twarzy, szyi, dekoltu i obręczy barkowej. Odpręża i relaksuje oraz pobudza skórę do intensywnej regeneracji i odnowy. Zabieg ma działanie rozluźniające mięśnie, uspokaja i wycisza, likwiduje napięcie oraz sztywność karku. Stosowany regularnie poprawia krążenie krwi i limfy, dzięki czemu działa ujędrniająco na skórę twarzy. Masaż odmładzający [&hellip;]</p>
